34
In base 4, what is -1 + -213310?
-213311
In base 10, what is 2 + 50?
52
In base 10, what is -3 + -2063?
-2066
In base 10, what is -96 - 0?
-96
In base 13, what is 1a + -15?
5
In base 14, what is -3 + 1c?
19
In base 15, what is -1b + -14?
-30
In base 4, what is -22 + -2?
-30
In base 11, what is 11 - 23?
-12
In base 4, what is 11313 + -11?
11302
In base 10, what is 13674 + -4?
13670
In base 10, what is 5 + -159?
-154
In base 12, what is -44b + 2?
-449
In base 14, what is 1 - -6?
7
In base 3, what is 2001 - 12?
1212
In base 15, what is 44 + 4?
48
In base 11, what is 4143 + -1?
4142
In base 3, what is -1002 - -20?
-212
In base 3, what is 12110 - 12?
12021
In base 7, what is 0 + -2410?
-2410
In base 9, what is 47 - -3?
51
In base 7, what is 1 + 2?
3
In base 14, what is -18c + 2?
-18a
In base 14, what is 2a + -b?
1d
In base 5, what is -100142 - 0?
-100142
In base 14, what is -4c8b - 1?
-4c8c
In base 4, what is 2 - -23121?
23123
In base 6, what is -4 - -415?
411
In base 8, what is 276 + -3?
273
In base 7, what is 3 + 1352?
1355
In base 15, what is -c + -a?
-17
In base 8, what is -1476 - -1?
-1475
In base 4, what is -2020 - 10?
-2030
In base 12, what is -25 - 3?
-28
In base 13, what is -1 + 61?
60
In base 3, what is 10 - -1001120?
1001200
In base 16, what is -7d - -4?
-79
In base 7, what is 10 + 242?
252
In base 13, what is -173 + 3?
-170
In base 11, what is -32 + -4?
-36
In base 15, what is -64 + 0?
-64
In base 6, what is 23 + -1544?
-1521
In base 14, what is -54d - -2?
-54b
In base 15, what is -c - 1c0?
-1cc
In base 2, what is 0 - -1001?
1001
In base 14, what is 5 + -ab?
-a6
In base 4, what is 1223 - 10?
1213
In base 6, what is 114 + 1?
115
In base 16, what is 7b + 3?
7e
In base 7, what is -240 - 1?
-241
In base 2, what is 1110101011 + 111?
1110110010
In base 2, what is 1110110 + 100?
1111010
In base 4, what is 10 - 100203?
-100133
In base 11, what is -1 + -20?
-21
In base 5, what is 3 + 4?
12
In base 15, what is 10 + 734?
744
In base 13, what is 41 + 44?
85
In base 16, what is 1e + -4?
1a
In base 9, what is -4 - 62?
-66
In base 9, what is -2778 - 5?
-2784
In base 11, what is 32 - -102?
134
In base 14, what is -2 + 73?
71
In base 12, what is 12b - -22?
151
In base 5, what is -100 + 122?
22
In base 16, what is 5 + 33?
38
In base 10, what is 13 - -229?
242
In base 13, what is 1 + 1b5?
1b6
In base 11, what is 5154 + 2?
5156
In base 15, what is -27 + 4?
-23
In base 11, what is 38 - -169?
1a6
In base 10, what is 1112 + 0?
1112
In base 8, what is 243 - -3?
246
In base 10, what is 386 - -3?
389
In base 6, what is -14 + -14?
-32
In base 14, what is 2 + -39b?
-399
In base 3, what is 0 + -1111011?
-1111011
In base 15, what is -3dd - 4?
-3e2
In base 10, what is -405 + -2?
-407
In base 9, what is -268 + 4?
-264
In base 14, what is -5 - 46?
-4b
In base 13, what is -64 + -4?
-68
In base 14, what is 6 + -55?
-4d
In base 14, what is -38 + -1?
-39
In base 16, what is -f + -d?
-1c
In base 11, what is -12 + 2?
-10
In base 13, what is 4 - 60?
-59
In base 10, what is -28 + 2?
-26
In base 8, what is 1 + -14536?
-14535
In base 10, what is -8 + 88?
80
In base 4, what is -102 - -21?
-21
In base 8, what is 2 - 16?
-14
In base 13, what is -85 + -5a?
-112
In base 6, what is -1053 + 0?
-1053
In base 2, what is -11 + -1001000111?
-1001001010
In base 8, what is 3 - 341?
-336
In base 8, what is -50 - 0?
-50
In base 11, what is -4 - -58?
54
In base 11, what is -1 + -284a?
-2850
In base 2, what is 10 - -10101?
10111
In base 12, what is -1159 + 7?
-1152
In base 11, what is 5 + -44?
-3a
In base 9, what is -2 + 15?
13
In base 2, what is -101111 + 1000?
-100111
In base 11, what is 19 - -10?
29
In base 9, what is 5 + 62?
67
In base 5, what is -3 + -222?
-230
In base 7, what is 11112 - 1?
11111
In base 8, what is -5671 + 11?
-5660
In base 2, what is 10001 + 101011?
111100
In base 9, what is -3 + 2021?
2017
In base 7, what is -25505 + 3?
-25502
In base 13, what is -35 + 14?
-21
In base 15, what is -27ec + 0?
-27ec
In base 4, what is 1011 - -2212?
3223
In base 15, what is 1a + -26?
-b
In base 16, what is 359 + 0?
359
In base 4, what is -31203102 + 11?
-31203031
In base 11, what is -3 + -43?
-46
In base 10, what is 6 - 285?
-279
In base 11, what is 36 + 1?
37
In base 7, what is 354 + 24?
411
In base 7, what is 2 - 15346?
-15344
In base 7, what is -4 + 1436?
1432
In base 4, what is 103 + -202?
-33
In base 5, what is -14 + -2?
-21
In base 2, what is 11 + -1011?
-1000
In base 5, what is -1020 - 10?
-1030
In base 8, what is -552 - 2?
-554
In base 5, what is 44 + -322?
-223
In base 12, what is 13 + a?
21
In base 8, what is 1625 + -3?
1622
In base 12, what is -7b4 - 5?
-7b9
In base 14, what is -163a6 - -1?
-163a5
In base 15, what is 11eb + 0?
11eb
In base 10, what is 207 + 4?
211
In base 10, what is -8 - 277?
-285
In base 7, what is -31 - -6?
-22
In base 14, what is 189 - -42?
1cb
In base 15, what is -6 - 46b?
-472
In base 9, what is 2 + 8702?
8704
In base 9, what is 64 - 5?
58
In base 16, what is 31 + 11?
42
In base 2, what is 1100 - -10010001?
10011101
In base 11, what is -5 + 53?
49
In base 11, what is 69a - 2?
698
In base 2, what is 100001 - -101?
100110
In base 14, what is 3 - 6?
-3
In base 2, what is 10 + -110100010000?
-110100001110
In base 3, what is 0 - -122200?
122200
In base 13, what is 15b - b7?
74
In base 13, what is 358b + 3?
3591
In base 9, what is 7 - -2477?
2485
In base 6, what is 20 - -52?
112
In base 3, what is 121221 - 0?
121221
In base 2, what is 11110 - -1000001?
1011111
In base 13, what is 2 + 5c?
61
In base 8, what is -20 + -1?
-21
In base 7, what is 1 + -551?
-550
In base 8, what is 602 + 5?
607
In base 4, what is -2 + -1112?
-1120
In base 16, what is 4 + -111?
-10d
In base 6, what is -4 + 1155?
1151
In base 4, what is -1 - -22?
21
In base 16, what is 2e + -5?
29
In base 5, what is -2 + -11031?
-11033
In base 16, what is -3 - -13?
10
In base 10, what is -3 + -619?
-622
In base 12, what is 8 - 6?
2
In base 4, what is 103 + 11?
120
In base 8, what is -5 - -46?
41
In base 14, what is -40 - -1?
-3d
In base 5, what is 4413 - -2?
4420
In base 15, what is -67c - 8?
-685
In base 9, what is -4 - 2?
-6
In base 6, what is -111 + 435?
324
In base 2, what is 10000000011 - -11?
10000000110
In base 5, what is 0 - 121444?
-121444
In base 8, what is 1 + -203?
-202
In base 7, what is 453 - 11?
442
In base 10, what is 1754 - -6?
1760
In base 7, what is -3524 + 3?
-3521
In base 7, what is -6302 + -2?
-6304
In base 7, what is 4654 - -1?
4655
In base 10, what is 153 + 1?
154
In base 14, what is 1 - -630?
631
In base 3, what is 1 + 211?
212
In base 8, what is 4 - 111?
-105
In base 10, what is 8 - 26?
-18
In base 7, what is -5361 + 5?
-5353
In base 5, what is 10 - 231?
-221
In base 14, what is 162 - 4?
15c
In base 6, what is -5 + 53?
44
In base 4, what is 1 + -3013?
-3012
In base 5, what is -10 + -212?
-222
In base 13, what is 24 - 9a?
-76
In base 10, what is 93 - -2?
95
In base 11, what is 2091 + 5?
2096
In base 7, what is 63 + 0?
63
In base 12, what is -b3 + 27?
-88
In base 10, what is 194 + 1?
195
In base 14, what is 1 + -b2?
-b1
In base 16, what is 0 + 5?
5
In base 15, what is -24 - 27?
-4b
In base 16, what is 1b9 - -3?
1bc
In base 6, what is 24243 - -4?
24251
In base 16, what is -140 + 5?
-13b
In base 11, what is 434 - -2?
436
In base 14, what is -4 + -9a?
-a0
In base 9, what is 32 + 13?
45
In base 15, what is 2067 - 5?
2062
In base 13, what is 4 - -401?
405
In base 4, what is 11 + 1120?
1131
In base 2, what is -1011011110000 + -100?
-1011011110100
In base 10, what is -50 + 3?
-47
In base 7, what is -1115 + -2?
-1120
In base 11, what is 104 + 0?
104
In base 6, what is -21 - 3120?
-3141
In base 12, what is -1 - -43?
42
In base 3, what is -121100 + 2?
-121021
In base 16, what is 1a + -2c?
-12
In base 15, what is 5 + c?
12
In base 3, what is -1201 + -112?
-2020
In base 7, what is 0 + 424?
424
In base 14, what is -499 + -17?
-4b2
In base 3, what is -1 - 2102?
-2110
In base 6, what is 5 - 0?
5
In base 15, what is -37 + 5?
-32
In base 16, what is -7 + -1a?
-21
In base 16, what is -5 + 3d?
38
In base 6, what is 1 + -3532?
-3531
In base 6, what is 1 - -14?
15
In base 3, what is -120020 + -12?
-120102
In base 11, what is 2 - 11?
-a
In base 10, what is -2 - 5?
-7
In base 8, what is -422 + 3?
-